 base 9.
-1
Convert 105 (base 11) to base 9.
150
What is -101 (base 5) in base 10?
-26
Convert 10 (base 7) to base 10.
7
Convert 10 (base 13) to base 11.
12
Convert -1010100 (base 2) to base 13.
-66
What is 32 (base 9) in base 6?
45
What is -24 (base 15) in base 11?
-31
11002 (base 3) to base 13
86
What is -320 (base 5) in base 16?
-55
What is 59 (base 12) in base 9?
76
What is 18 (base 9) in base 6?
25
Convert 21 (base 7) to base 8.
17
4 (base 12) to base 5
4
What is -101 (base 3) in base 8?
-12
-4 (base 13) to base 15
-4
What is -1 (base 9) in base 7?
-1
Convert -4 (base 9) to base 3.
-11
What is -2 (base 5) in base 2?
-10
What is -43 (base 6) in base 7?
-36
What is 22 (base 7) in base 2?
10000
Convert 23 (base 6) to base 9.
16
Convert 9 (base 15) to base 11.
9
Convert -2 (base 5) to base 11.
-2
Convert 211 (base 3) to base 12.
1a
What is 1a (base 12) in base 15?
17
What is 22 (base 9) in base 8?
24
Convert 223 (base 5) to base 10.
63
1 (base 5) to base 9
1
Convert 21 (base 4) to base 14.
9
-45 (base 8) to base 10
-37
What is 1 (base 6) in base 11?
1
3 (base 4) to base 16
3
Convert -3 (base 12) to base 14.
-3
11 (base 7) to base 3
22
Convert -a (base 15) to base 3.
-101
16 (base 8) to base 14
10
Convert 21 (base 12) to base 4.
121
What is 10 (base 4) in base 11?
4
Convert 1240 (base 5) to base 14.
dd
2 (base 13) to base 10
2
Convert -15c (base 15) to base 4.
-10320
What is 106 (base 12) in base 10?
150
Convert -5d (base 14) to base 2.
-1010011
-13 (base 12) to base 3
-120
-7 (base 16) to base 10
-7
What is 7 (base 13) in base 10?
7
What is -11 (base 8) in base 7?
-12
Convert 12 (base 16) to base 4.
102
Convert -23 (base 11) to base 13.
-1c
Convert -77 (base 11) to base 5.
-314
-5 (base 13) to base 10
-5
What is 11 (base 2) in base 12?
3
Convert -24 (base 16) to base 3.
-1100
Convert -5 (base 6) to base 16.
-5
Convert 13 (base 6) to base 11.
9
Convert 2 (base 10) to base 8.
2
What is 1b (base 15) in base 16?
1a
58 (base 14) to base 2
1001110
-a2 (base 13) to base 12
-b0
What is 222 (base 3) in base 13?
20
0 (base 13) to base 4
0
What is 0 (base 16) in base 6?
0
-20 (base 10) to base 13
-17
9 (base 10) to base 2
1001
Convert -27 (base 8) to base 2.
-10111
47 (base 11) to base 16
33
-19 (base 16) to base 12
-21
-51 (base 13) to base 3
-2110
5 (base 16) to base 2
101
-35 (base 6) to base 12
-1b
Convert -134 (base 12) to base 3.
-20211
Convert -10 (base 2) to base 5.
-2
What is 5 (base 11) in base 13?
5
83 (base 11) to base 7
160
Convert -3 (base 9) to base 5.
-3
What is -115 (base 7) in base 16?
-3d
Convert 14 (base 13) to base 3.
122
What is -23 (base 6) in base 11?
-14
Convert 0 (base 2) to base 13.
0
1200 (base 6) to base 9
350
-2 (base 12) to base 10
-2
Convert -1c (base 13) to base 5.
-100
Convert -9 (base 12) to base 9.
-10
13 (base 11) to base 8
16
Convert -75 (base 15) to base 14.
-7c
-1 (base 10) to base 5
-1
-3 (base 11) to base 8
-3
1 (base 14) to base 9
1
Convert 0 (base 15) to base 13.
0
What is -200 (base 4) in base 16?
-20
What is -18 (base 16) in base 11?
-22
Convert 10212 (base 3) to base 6.
252
What is 100000 (base 2) in base 6?
52
10 (base 7) to base 6
11
What is -1030 (base 6) in base 14?
-12a
Convert 1 (base 13) to base 15.
1
5 (base 13) to base 8
5
Convert -32 (base 12) to base 3.
-1102
Convert 8 (base 15) to base 16.
8
Convert -b (base 15) to base 6.
-15
Convert -6 (base 12) to base 14.
-6
122 (base 5) to base 9
41
What is 5 (base 13) in base 5?
10
-1020 (base 5) to base 3
-12000
-12 (base 4) to base 10
-6
Convert -103 (base 8) to base 15.
-47
-11010 (base 2) to base 3
-222
What is 2021 (base 4) in base 7?
254
What is 46 (base 7) in base 16?
22
Convert 4 (base 12) to base 16.
4
Convert 196 (base 13) to base 16.
124
What is 10101 (base 2) in base 15?
16
-9 (base 10) to base 13
-9
-2 (base 7) to base 12
-2
-2 (base 3) to base 10
-2
Convert 10 (base 3) to base 9.
3
What is 100122 (base 3) in base 8?
404
What is -2b (base 15) in base 6?
-105
Convert 2 (base 6) to base 5.
2
Convert 97 (base 16) to base 3.
12121
Convert 1b (base 13) to base 8.
30
What is 23 (base 13) in base 6?
45
Convert -1131 (base 5) to base 11.
-141
Convert d (base 16) to base 6.
21
22 (base 13) to base 16
1c
Convert 10 (base 3) to base 6.
3
-3 (base 6) to base 4
-3
What is 11b (base 16) in base 3?
101111
Convert 4 (base 16) to base 2.
100
13 (base 5) to base 14
8
-1 (base 3) to base 12
-1
Convert -10 (base 13) to base 3.
-111
-3 (base 11) to base 10
-3
What is 332 (base 4) in base 16?
3e
Convert 61 (base 11) to base 12.
57
Convert -55 (base 9) to base 14.
-38
What is -103 (base 10) in base 14?
-75
What is -116 (base 11) in base 9?
-163
Convert -114 (base 5) to base 14.
-26
Convert 0 (base 9) to base 6.
0
-4 (base 11) to base 3
-11
What is 4 (base 14) in base 10?
4
Convert -2 (base 7) to base 8.
-2
What is -12 (base 3) in base 4?
-11
What is -3 (base 14) in base 5?
-3
What is 3 (base 14) in base 2?
11
88 (base 12) to base 3
10212
Convert -1 (base 7) to base 15.
-1
10 (base 7) to base 10
7
8 (base 12) to base 8
10
Convert -1001010 (base 2) to base 6.
-202
What is 3 (base 12) in base 3?
10
What is 12 (base 12) in base 3?
112
What is -40 (base 10) in base 8?
-50
What is -125 (base 6) in base 7?
-104
Convert -4 (base 12) to base 15.
-4
What is 1013 (base 4) in base 10?
71
121 (base 3) to base 10
16
Convert -5 (base 9) to base 12.
-5
Convert 11 (base 10) to base 4.
23
Convert 3 (base 13) to base 6.
3
What is -11 (base 2) in base 11?
-3
-22 (base 9) to base 14
-16
4 (base 6) to base 7
4
Convert -1c (base 16) to base 5.
-103
What is 22 (base 3) in base 11?
8
Convert 56 (base 10) to base 11.
51
What is -22 (base 8) in base 4?
-102
Convert 320 (base 4) to base 6.
132
Convert 101 (base 4) to base 12.
15
3 (base 13) to base 3
10
What is -79 (base 11) in base 3?
-10012
b0 (base 16) to base 7
341
What is 6 (base 12) in base 5?
11
-16 (base 7) to base 2
-1101
-4 (base 9) to base 2
-100
Convert 22 (base 14) to base 15.
20
Convert 5 (base 8) to base 14.
5
2 (base 8) to base 10
2
What is -2 (base 9) in base 3?
-2
What is 67 (base 13) in base 15?
5a
Convert -8 (base 10) to base 3.
-22
-12 (base 15) to base 6
-25
What is -101 (base 8) in base 7?
-122
4a (base 12) to base 16
3a
-15 (base 9) to base 11
-13
-15 (base 8) to base 14
-d
What is -111001 (base 2) in base 7?
-111
What is -3b (base 13) in base 8?
-62
100 (base 3) to base 12
9
Convert -100 (base 2) to base 8.
-4
What is 11 (base 6) in base 7?
10
1042 (base 5) to base 12
103
Convert -28 (base 11) to base 5.
-110
111 (base 3) to base 8
15
202 (base 3) to base 12
18
Convert -2 (base 10) to base 15.
-2
What is 11 (base 7) in base 4?
20
What is -5 (base 16) in base 6?
-5
Convert 0 (base 8) to base 6.
0
Convert -b (base 15) to base 7.
-14
What is -21 (base 15) in base 4?
-133
Convert -1 (base 9) to base 11.
-1
-22 (base 4) to base 16
-a
3 (base 14) to base 15
3
Convert 1 (base 16) to base 10.
1
4 (base 10) to base 16
4
-100100 (base 2) to base 14
-28
What is 4 (base 6) in base 14?
4
What is -15 (base 8) in base 5?
-23
Convert 0 (base 8) to base 3.
0
What is 11 (base 8) in base 10?
9
What is -1001100 (base 2) in base 10?
-76
23 (base 6) to base 4
33
What is 2 (base 4) in base 13?
2
What is -11 (base 2) in base 8?
-3
Convert 220 (base 3) to base 2.
11000
What is 11 (base 8) in base 2?
1001
Convert d (base 15) to base 6.
21
4 (base 16) to base 5
4
What is -10000 (base 2) in base 12?
-14
What is -48 (base 10) in base 4?
-300
-13a (base 13) to base 9
-262
What is 101 (base 3) in base 11?
a
What is 21 (base 8) in base 7?
23
66 (base 9) to base 15
40
What is -4 (base 7) in base 3?
-11
Convert 0 (base 15) to base 4.
0
What is 2000 (base 3) in base 14?
3c
What is -142 (base 9) in base 15?
-7e
Convert 48 (base 13) to base 3.
2020
What is 18 (base 10) in base 9?
20
-10000110 (base 2) to base 14
-98
-100 (base 2) to base 3
-11
What is -21 (base 3) in base 5?
-12
Convert 1102 (base 4) to base 13.
64
Convert 3 (base 14) to base 5.
3
Convert -131 (base 5) to base 16.
-29
Convert 6 (base 10) to base 7.
6
What is 0 (base 5) in base 11?
0
Convert -2 (base 5) to base 6.
-2
-131 (base 7) to base 6
-155
b (base 14) to base 15
b
Convert 33 (base 8) to base 10.
27
What is 10101110 (base 2) in base 10?
174
Convert 25 (base 16) to base 7.
52
Conv